
4
Let k be 2/(-2) + 4 - 1. Let x = 6 - k. What is the units digit of x?
4
Let g = -9 + -8. Let a = g + 32. What is the units digit of a?
5
Let d(g) = g**3 - 6*g**2 + 6*g - 3. Let q be d(5). Suppose q*o + o - 12 = 0. What is the units digit of o?
4
Let y be (3 + (1 - 3))*-47. Let g = -13 - y. What is the units digit of g?
4
What is the units digit of (-19 + -4)*1/(-1)?
3
Let y be 6/9 + (-3)/(-9). Let p = y - 1. Suppose p = -s + 6*s - 45. What is the units digit of s?
9
Let v(g) = -g**3 - 3*g**2 + 3*g - 2. Let s be v(-4). Suppose -5*z = -0*z, -4*a - s*z = -68. Let l = a - 12. What is the units digit of l?
5
Let v(h) = 4*h**2 + h + 7. What is the units digit of v(3)?
6
Let i = -1 - -3. Suppose -i*t + 19 = 3. Suppose 3*x + 5*a = 34, x - 4 = -2*a + t. What is the units digit of x?
8
Suppose -43 = -5*n + 332. What is the tens digit of n?
7
Let b = -9 + 14. What is the units digit of b?
5
Let b(j) = j**2 + 5*j + 4. Let h be b(-3). Let r = 0 + h. What is the units digit of 7 + (-3 - r) + 0?
6
Suppose 5*f - 98 = 432. What is the hundreds digit of f?
1
Let n be 2/5*60/4. Suppose -2*t - n = -3*t. What is the units digit of t?
6
Let c be 3/2*32/24. Let m(g) = -10*g + 0*g**c + 11 - 2 + g**2. What is the units digit of m(10)?
9
Suppose 0 = 3*n - 395 - 166. What is the hundreds digit of n?
1
Let v be 0 - -2 - -2*17. Suppose w + v = 5*w. What is the units digit of w?
9
Suppose c - 5*x - 2 = -20, 0 = -c - x + 12. Suppose -3*g + c*g = 0. Let v = g + 8. What is the units digit of v?
8
Suppose -b + 46 - 17 = 0. What is the tens digit of b?
2
Let y = -11 - -14. Suppose -y*v + 26 = -v. What is the tens digit of v?
1
Let n be -1*2/4*2. Let t = -3 - n. What is the tens digit of 2*-34*t/8?
1
Suppose 3*w - 5*t - 139 - 60 = 0, t - 250 = -4*w. What is the tens digit of w?
6
Suppose 5*f - 91 = 14. Suppose 5*l - q - 20 = 4, -3*l + q + 16 = 0. What is the units digit of 204/f + l/14?
0
What is the units digit of ((-11)/(-44))/((-2)/(-200))?
5
What is the tens digit of ((-25)/(-10))/5*190?
9
Let o = 0 + -8. Suppose 5*k - 77 = -32. Let m = k - o. What is the tens digit of m?
1
Suppose -2 = -4*q + 14. Let m(w) = 5*w**2 - 8*w - 6. Let b(z) = -11*z**2 + 17*z + 13. Let n(s) = q*b(s) + 9*m(s). What is the units digit of n(5)?
3
Suppose 4*y + 22 = -2*o + 3*o, 2*o = -y - 1. Let s = -3 - y. Suppose p - 4 = -s. What is the units digit of p?
2
Let y be 5/(-10)*(-1 - 3). Let c(s) = 9 + 3*s - 2*s - y*s. What is the units digit of c(0)?
9
Let v(c) = c**3 + 15*c**2 - 7*c - 53. What is the units digit of v(-15)?
2
Suppose 2*a + 9 = 87. What is the units digit of a?
9
Let o(i) = -i**2 - 6*i - 6. Let u be o(-4). Suppose 0 = -u*k + 18. What is the units digit of k?
9
Let s(c) = -c + 1. Let h be s(1). Let g(i) = h*i**3 + i**3 - 6*i + 3*i + 4*i - 2. What is the units digit of g(2)?
8
Suppose 0*h - 2*v = 3*h - 540, 2*h - 2*v - 350 = 0. What is the hundreds digit of h?
1
Suppose -182 = -4*f + 6. What is the tens digit of f?
4
Suppose -4*b - 1 = -33. Let m(s) = -s**3 + 8*s**2 + s - 7. What is the units digit of m(b)?
1
Let i(q) = q - 8. Let u(z) = z**3 + 10*z**2 - 11*z + 10. Let y be u(-11). What is the units digit of i(y)?
2
Let m(q) = -q**2 + 2. Let j be (4 + -1)/3 + 1. Let r be m(j). What is the units digit of 5 + 0 + 4/r?
3
Let a(r) = -r**2 + 8*r. Let s be a(7). Suppose -s = -n + p, -4*p = p + 25. Suppose n*g = -5 + 23. What is the units digit of g?
9
Let p(j) = 15*j**2 - j. Suppose -25*x = -21*x + 4. What is the tens digit of p(x)?
1
Suppose -5*m + 0*m = 4*u + 4, 4*u = 3*m - 4. What is the units digit of u*(-11 + 6/3)?
9
Let a(n) = -16*n - 2. What is the tens digit of a(-6)?
9
Let r(f) = 2*f**2 + 13*f + 13. What is the tens digit of r(-8)?
3
Suppose -d + 133 = 3*o + 35, -4*d + 72 = 2*o. Let r = 29 + -16. Let z = o - r. What is the tens digit of z?
1
Suppose -4*c - 2 = -22. Suppose c*s - 109 - 11 = 0. What is the tens digit of s?
2
Let k = -1 - -3. Let f be k - ((2 - 16) + 0). Suppose 0*b - 4*b + f = 0. What is the units digit of b?
4
Let a(b) = 21*b - 1. What is the units digit of a(1)?
0
Let z be (-1)/4 - (-34)/8. Suppose 3*n = -n + 40. Suppose -n = r + z*s + 4, 2*s = 2*r - 22. What is the units digit of r?
6
Let x = 221 - 145. What is the tens digit of x?
7
Suppose 3 = y + 2*x - 0, 0 = 5*x + 5. Suppose 5*h = -y*r - 70, 2*h = 1 - 5. Let m(w) = -w**3 - 12*w**2 - 3*w - 18. What is the units digit of m(r)?
8
Suppose 5*r - 20 - 5 = 0. Let m(d) = d + 5*d**2 + 1 - 2 - d**3 + 0*d. What is the units digit of m(r)?
4
Let p(c) = -c**2 - 10*c + 3. Suppose -5*h = 57 - 12. What is the tens digit of p(h)?
1
Suppose -2*i + 6*i = -q - 7, -3*i + 15 = 3*q. What is the units digit of q?
9
Let h(p) = -p**3 + 3*p**2 + 4*p - 3. Suppose -12 = -2*v + 2*u, 3*v - 3 = -u + 3. What is the units digit of h(v)?
9
Suppose 2 - 5 = u. Let z = u - -17. What is the tens digit of z?
1
Let r = 38 + 22. What is the units digit of r?
0
Suppose -5*b + 3*q = -10, -q + 0*q = 0. What is the units digit of b?
2
Suppose -4*z = -z - 15. Suppose -5*f = z*v - 135, 54 = 2*v + 3*f - 4*f. What is the tens digit of v?
2
Suppose 2*f + 5 + 1 = 0, 5*l + 5*f - 125 = 0. Let g = l - 16. Suppose 5*a = a - g, 15 = 2*c + 3*a. What is the tens digit of c?
1
Suppose -7*g + 15 = -2*g. Let b = 59 + -71. What is the tens digit of (-45)/(-4) + g/b?
1
Let n be ((-2)/5)/(5/(-50)). Suppose 20 = 4*x + n. Suppose -6 = -x*z + 3*g, -2*z = -0*z + 4*g - 14. What is the units digit of z?
3
Let f = -1 - -4. Let l = 17 + f. Suppose -2*a - 3*x = -5*a + 30, 2*a - 3*x - l = 0. What is the units digit of a?
0
Suppose -13*l + 7*l = -2700. What is the tens digit of l?
5
Suppose 0 = -0*d - d + 39. What is the tens digit of d?
3
Let p(z) = -z**3 - z**2 - z + 2. Let f be p(0). Suppose 8 = -0*i - f*i. Let u = i - -13. What is the units digit of u?
9
Suppose -352 = -6*a + 368. What is the units digit of a?
0
Suppose 2*u = 6*u - 60. Suppose 5*z + u = 0, -180 = -5*j - z + 62. What is the units digit of j?
9
Let f = 166 - 119. What is the tens digit of f?
4
Suppose -3*z + 35 = 5. Let i = z - 4. What is the units digit of i?
6
Let y(q) = -q**3 - q + 4. Let d be y(0). Suppose 0 = -l + d*f + 36, -5*l = -f - 53 - 32. What is the units digit of l?
6
Let q be ((-3)/1 - -29) + -3. Suppose -3*o = -4 + 40. Let r = o + q. What is the units digit of r?
1
Let m = -12 - -21. Suppose -z + 0 = -m. What is the units digit of z?
9
Let b = 66 + 77. What is the hundreds digit of b?
1
Let v = -443 + 630. What is the tens digit of v?
8
Let f = 43 - 22. What is the tens digit of f?
2
What is the units digit of (295 + -3)*(-1)/8*-4?
6
Let u be 4 + -1 - (2 + 2). What is the units digit of 12 + -4*u/2?
4
Suppose 0 = 6*q - 5*q - 4. Let j(b) = b**3 - 4*b**2 - 3*b + 6. Let h be j(q). Let r = h - -8. What is the units digit of r?
2
What is the units digit of 9/(-15) + (-336)/(-10)?
3
Suppose -37 = -6*k + 2*k + 5*j, -2*k + 5*j + 31 = 0. Suppose k*x - 12 = 0, a + 3*x + 0*x - 18 = 0. What is the units digit of a?
6
What is the tens digit of -116*3/(-6) - 3?
5
Let f(t) be the third derivative of t**5/20 + t**4/8 + 4*t**2. Let p be f(-3). Let o = -10 + p. What is the units digit of o?
8
Let v = -27 - -69. What is the units digit of ((-5)/(-3))/(7/v)?
0
Suppose -2*w - 45 = 3*w. What is the tens digit of ((-12)/w)/((-4)/(-72))?
2
Let v be (-24)/9*27/4. Let d = v - -68. What is the units digit of d?
0
Suppose 3*v - u = 13, -3*v + 9 = 2*u + u. Suppose 3*k = -v*m + 40 + 7, -m = k - 15. What is the tens digit of k?
1
Let a = 217 - 138. What is the tens digit of a?
7
Let d = -24 + 46. What is the units digit of d?
2
Suppose -4*b + n + 3*n = -20, 2*b = 3*n + 15. Let i(g) = -3*g - 4 + 3*g + b*g - g. What is the units digit of i(-8)?
4
Let r be (-3 - -6 - 0) + 84. Suppose -f = -4*f + r. What is the units digit of f?
9
Let n = -1 - -1. Suppose -3*c - 3*v - 9 = n, -3*v = 2*c + 2*v. What is the units digit of 1 - (-1 + 3 + c)?
4
Let t = 30 + 69. What is the units digit of t?
9
Let g(u) = u + 12. Let v be g(-9). Suppose 2*b + v*k = -k + 8, 0 = b + k - 5. What is the units digit of b?
6
Suppose 5*g = -3*a + 610, 0 = 3*a + 2*g - 271 - 342. What is the tens digit of a?
0
Suppose 4*u = 8 + 12. Suppose -u*n + 89 + 1 = 0. What is the units digit of n?
8
Suppose -2*o = x - 45, 3*x + 3*o = 5*o + 151. What is the units digit of x?
9
